(11 + -7) is divided by x?
17
Let r = -47 - -59. Let d(p) = -p**2 + 11*p + 24. Let g be d(r). Suppose -g*l + 477 = -267. Calculate the remainder when l is divided by 16.
14
Let b = -9553 + 9630. What is the remainder when 3078 is divided by b?
75
Suppose -p = 5*v + 210, 0 = -6*v + 2*v - p - 169. Let y = 56 + v. Calculate the remainder when 4/(-6) - (-167)/3 is divided by y.
10
What is the remainder when 879 is divided by (-8)/24*35/(-21)*-9 + 14?
6
Suppose -37*t + 976 = -1779 - 1241. What is the remainder when t is divided by 89?
19
Let r = -2725 + 2776. What is the remainder when 160 is divided by r?
7
Suppose -3*n + 2*n = -4*w - 116, 5*w + 128 = -3*n. Calculate the remainder when ((-172)/6)/((-200)/(-24) - 9) is divided by w*((-95)/(-35) - 3).
3
Suppose 2*q = 5*g - 1422, 2*g + 11*q - 7*q - 564 = 0. What is the remainder when 8/((-32)/g)*-3 is divided by 44?
37
Let p be (-6)/((-54)/9) + (-3 - -2). Suppose 3*i - 31 = 8. Suppose y + 0 - i = p. Calculate the remainder when 22 is divided by y.
9
Suppose -38*a - 10*a + 16213 = 2197. Calculate the remainder when a is divided by 50.
42
Let k be (-2)/(-4) - ((-54)/(-12))/9. Suppose -4*n - n + 30 = k. Suppose 0*y + n*y - 24 = 0. What is the remainder when 20 is divided by y?
0
Let a(k) = -k**3 - 15*k**2 - 94*k + 49. Calculate the remainder when a(-9) is divided by 7.
3
Suppose 13*g - 12*g - 4*t = 80, -7*g + 3*t + 660 = 0. Let v be 2/7 - (-682)/14. Calculate the remainder when g is divided by (v/2)/((-1)/(-2)).
47
Suppose 511*n = 513*n - 414. Calculate the remainder when 799 is divided by n.
178
Let i(l) = -21*l - 176. Let d = -1 - 3. What is the remainder when i(-10) is divided by (8 - 0) + d + 5?
7
Suppose -37*m + 9*m + 39904 = 15*m. What is the remainder when m is divided by 46?
8
What is the remainder when 5745 + (18 - 12) + 21 is divided by 105?
102
Let c = -21 + 24. Let f(t) = -3*t**2 + 4*t - 3. Let h be f(c). Let x = 47 + h. Calculate the remainder when 82 is divided by x.
24
Suppose -4*w + 0 = 8, 1734 = 2*r - w. Calculate the remainder when r is divided by 172.
6
Let h = 9736 + -9670. Calculate the remainder when 439 is divided by h.
43
Let x(v) = v**2 + v - 9. Suppose 0 = -3*h - 243 + 255. Suppose -h*g + 524 = m, -2*g - m + 6*m + 240 = 0. Calculate the remainder when g is divided by x(-7).
31
Let a = -2353 + 2381. What is the remainder when a is divided by (-228)/(-14) - 12/42?
12
Suppose -573*y = 110*y - 1993677. Calculate the remainder when y is divided by 65.
59
Let a = 4208 - 4158. Let j = -93 - -150. Suppose -2*h = -5*d + j, d + 5*h - 19 - 14 = 0. What is the remainder when a is divided by d?
11
Suppose 0 = -d + 51 - 47. Calculate the remainder when 72 is divided by d - (-5 + 6 + -10).
7
Let d be 4/(-14)*(16 - 240). Suppose -f - 35 = -d. Calculate the remainder when 107 is divided by f.
20
Let j = -12 + 12. Suppose -3*d - 22 + 67 = j. Let n = -214 + 241. What is the remainder when n is divided by d?
12
Let l(n) = 9*n - 147. Suppose -5*t + 105 = 3*a, -9*t - 4*a - 34 = -12*t. Calculate the remainder when 66 is divided by l(t).
6
Suppose -4*t = -163 + 35. Suppose -128 = -4*c + 2*l, 2*c = -4*l + t + 32. Calculate the remainder when c is divided by 15.
2
Let g be -349 - (-4 + 21/(-7)). Let b = 373 + g. What is the remainder when 587 is divided by b?
29
What is the remainder when 343 is divided by 31845/363 - (57/33 - 2)?
79
Suppose 19*r + 12*r - 55391 = -10*r. Calculate the remainder when r is divided by 169.
168
Suppose 0 = 11*r - 1874 + 829. Calculate the remainder when 179 is divided by r.
84
Suppose 16*a + 4*x = 14*a + 186, -5*a + 525 = -5*x. Calculate the remainder when a is divided by 60.
41
Let p(u) = 5*u**2 + 52*u - 94. What is the remainder when p(-14) is divided by 39?
2
Let m = 14 - 20. Calculate the remainder when (4 + (-390)/12)*20/m is divided by 12.
11
What is the remainder when 196 is divided by 3*7*21/((-1071)/(-187))?
42
Suppose 281 = u - 3*r, -12*r + 12 = -14*r. Calculate the remainder when 527 is divided by u.
1
Suppose -1 = -2*w + 5. Let d = -32497 + 32502. Calculate the remainder when d is divided by w.
2
Let d = -13 + 77. Let y(o) = -3*o**2 + o + 973. What is the remainder when y(-16) is divided by d?
61
Suppose 32*p - 213 = 357 + 38. What is the remainder when 99 is divided by p?
4
Suppose -3*a - 18*m + 47 = -20*m, -14 = -a + m. Let k(t) = t**2 + 9*t - 1. Let y be k(-7). Let j = y - -90. Calculate the remainder when j is divided by a.
18
Suppose -5*h - 2*a - 1114 = 0, h - 6 + 230 = -a. Let f = h + 343. Calculate the remainder when f is divided by 41.
39
Suppose -40*y - 83672 = -85552. Suppose -2*l + 574 = -78. What is the remainder when l is divided by y?
44
Let m = -3914 + 3995. Suppose 5*o = 79 - 39. Calculate the remainder when m is divided by o.
1
Let u(k) = 9*k + 7. Let w be u(2). Suppose -5*c = -w, 5*c - 44 = -5*l + 66. Calculate the remainder when 116 is divided by l.
14
Let h(z) = -114*z - 5724. Calculate the remainder when h(-54) is divided by 132.
36
Suppose 40*y + 12 = 2*b + 38*y, y + 12 = 4*b. What is the remainder when 2 + -5 - -7*3 is divided by b?
0
Let i(k) = -58*k**2 + 1509*k - 7. What is the remainder when 13507 is divided by i(26)?
17
Let o(l) = 36*l**2 + 245*l - 2. What is the remainder when o(-11) is divided by 19?
6
Suppose 2 = -3*v - 4, 0 = -d + v + 2. Suppose c + d - 35 = -a, -4*c = -a - 125. What is the remainder when 61 is divided by c?
29
Suppose -3*o + 520 - 535 = 0. Suppose d - 3*a - 32 = 0, 3*a = -5*d - 0*a + 196. Let y = d + o. Calculate the remainder when 195 is divided by y.
30
Let a be -3*-5*(-28)/(-105). Suppose a*l = 1517 + 2007. Calculate the remainder when l is divided by 63.
62
Let i(h) = 5*h - 26. Suppose 0 = -4*c - 2*r + 18, 6*c = c + 4*r + 55. Let j be i(c). Suppose -j*b = -b - 408. Calculate the remainder when b is divided by 27.
24
Suppose -250 = -2*r + 3*k, 0 = -24*r + 25*r - 5*k - 139. What is the remainder when r is divided by 72?
47
Suppose 3*v = 2*a + 233, -2*v + 132 = -4*a + 6*a. Calculate the remainder when v is divided by 31.
11
Suppose -5*r = -5*s + 260, 7*s - 6*s - 49 = 2*r. Suppose -428 = -4*j - 3*o, 3*j = -0*o + 5*o + 292. Calculate the remainder when j is divided by s.
49
Let i be (4/16*38)/((-1)/(-2)). Let l = i + -25. Calculate the remainder when 109 is divided by (-2)/(-3) + ((-62)/l - -5).
13
Suppose 0 = -2*r + g + 8, 3*r - 3*g = -6*g + 30. What is the remainder when 2076/14 - (-13*(-8)/(-364))/(-1) is divided by r?
4
Let r = -5533 - -5643. What is the remainder when 877 is divided by r?
107
Let k(j) = -j**2 - 47*j + 543. Calculate the remainder when 539 is divided by k(9).
32
Suppose -4*k - 18 = 6. What is the remainder when 34 is divided by (-9)/(-3*k/(-36))?
16
Let n(q) = 27*q + 134. Calculate the remainder when n(26) is divided by 40.
36
Suppose 2*d - 338 = -3*d - 3*i, 0 = 4*d + 2*i - 272. Suppose -99 = -d*m + 61*m. What is the remainder when 103 is divided by m?
4
Let j be (-6*(-3)/12)/((-3)/(-2)). Calculate the remainder when j - (-9)/((-27)/(-102)) is divided by 2*26/(-12)*(-9)/3.
9
Let b(u) = u**2 - 281*u + 5091. What is the remainder when 555 is divided by b(19)?
103
Suppose 22 = c - 3*v, -4*c - 4*v = -20 - 84. Suppose 0 = -16*r + 11*r - g + 73, 0 = -2*r + g + c. Calculate the remainder when 91 is divided by r.
7
Let p(k) = -269*k + 2544. Calculate the remainder when p(-17) is divided by 40.
37
Let j(v) = v**3 + 4*v**2 + v + 41. Suppose 4*z = -3*t + 1, 5*t - 2*z - 3 = -36. Calculate the remainder when 96 is divided by j(t).
8
Suppose -5*s + 3*s = -o + 3863, -5*o - 5*s = -19315. What is the remainder when o is divided by 7?
6
Let t be (3/(54/(-24)))/((-2)/24). Let y(g) = -g**2 + 16*g + 5. Let s be y(t). Suppose -48 = -s*a - 13. Calculate the remainder when 9 is divided by a.
2
What is the remainder when 2/(-2) + (118629/1911 - 1/13) is divided by 49?
12
Suppose 1060 = -200*k + 5855 + 6605. Suppose 0 = -2*c + 2*j + 36, 5*c + j + 4*j - 110 = 0. Calculate the remainder when k is divided by c.
17
Suppose k - 14 = -k + 4*j, -3*k - 3*j = -12. Suppose -p + k*a + 113 = 0, -6*a = 4*p - 4*a - 540. Calculate the remainder when p is divided by 28.
21
Let g(i) = -91*i - 1427. Calculate the remainder when 228 is divided by g(-16).
25
Let m(l) = 64*l + 196. Calculate the remainder when 94 is divided by m(-3).
2
